33. Let g(s) = -s**2 + 4*s - 1. Give g(i).
2
Let c(p) = 5*p - 2. Let a be (6/42)/(11/154). Determine c(a).
8
Let b(y) = -y - 4. Let f be b(-3). Let j(d) = -2 + 4 - 2*d - 4 + 1. Calculate j(f).
1
Suppose -50*i + 33 = -53*i. Let s(p) = p**3 + 10*p**2 - 11*p + 12. Give s(i).
12
Let w be (0 - 0/(-4))/1. Let g = w + 2. Let d(m) = -7*m**2 + 6*m**g + 4 - 6. Calculate d(2).
-6
Let h(g) = 5*g**3 + 6*g**2 + 14. Let w(s) = 9*s**3 + 12*s**2 + 26. Let z(c) = -7*h(c) + 4*w(c). Let x = 8 - 14. What is z(x)?
6
Let d(m) = -3*m - 45. Suppose -7962 + 7906 = 4*g. What is d(g)?
-3
Let c(d) = -3*d**2 - 3*d**2 + 6*d - 1 - 1873*d**3 + 1874*d**3. Suppose -20 = 3*w - 8*w. Calculate c(w).
-9
Let d(z) = -1 - 1 + z**3 - 14*z + 3*z**2 + 12*z. What is d(-2)?
6
Let a(q) be the third derivative of -q**6/120 + 7*q**5/60 - q**4/8 - 10*q**3/3 - 5*q**2 - 6*q. Give a(6).
-2
Let y(s) = -21*s**3 - s**2 + s - 1. Let r be (21/3 - 17) + 11. Give y(r).
-22
Let a(u) = u**2 + 30*u + 3. Let n be a(-30). Let f(k) be the second derivative of k - 1/6*k**n - 1/2*k**2 + 1/12*k**4 + 0. Determine f(4).
11
Let l(m) = m**3 - 6*m**2 + 8*m - 4. Let a be (-18)/54 - 2/(6/(-13)). Give l(a).
-4
Let l(k) be the third derivative of k**4/24 - 3*k**3 - k**2. Let z be l(14). Let y be z/(-6) - 64/(-12). Let t(r) = -r**2 + 7*r - 1. Calculate t(y).
5
Suppose 0 = -5*w - 40 + 45. Let g(l) = -3*l**3 - l**2 + 2*l - 1. Calculate g(w).
-3
Let c = -223 + 227. Let n(m) be the first derivative of -2*m + 1/4*m**c + 5/3*m**3 + 1 + 5/2*m**2. Determine n(-4).
-6
Let t(g) = 79*g + g**3 - 217*g + 0*g**2 - 7*g**2 + 73*g + 1 + 70*g. Calculate t(6).
-5
Let y(c) be the second derivative of c**8/6720 + c**7/420 + c**6/144 - c**5/30 + 7*c**4/12 + 18*c. Let d(i) be the third derivative of y(i). What is d(-4)?
8
Let y(g) = g**2 + 7*g. Let b = 183 + -190. Give y(b).
0
Let o(m) be the third derivative of 10*m**2 + 0 - 1/24*m**4 + 0*m + 1/6*m**3. Calculate o(5).
-4
Let w(i) = -3*i - 2. Let z(r) = 7*r - 19*r + 6*r + 5*r - 1. Let b(x) = 4*w(x) - 11*z(x). Suppose -u - q = -8, -2*u + 4*q - 12 = -4. Determine b(u).
-1
Let j(l) = -l**3 + 3*l**2 + 4*l - 6. Let a(o) = -o**3 - 12*o**2 - 12*o - 4. Let f be a(-11). Let y be f/(14/4) - (1 + -3). Determine j(y).
-6
Let j(k) = -k**2 - 8*k - 6. Let q(f) = f**2 + 15*f - 22. Let w(c) = 3*c**2 + 29*c - 43. Let p(l) = -5*q(l) + 2*w(l). Let n be p(15). Calculate j(n).
6
Let m(r) = -22 + 4*r + 2*r + 4*r**3 - 5*r**2 + 31. Let i(t) = 3*t**3 - 6*t**2 + 5*t + 8. Let j(w) = -5*i(w) + 4*m(w). Give j(-10).
6
Let o(w) = w + 14. Let n be (-1)/(-3) + (-7)/21. Suppose -r + n*r = -4*r. Calculate o(r).
14
Let m(r) = r - 3. Let k(g) = -g + 1. Let y(b) = -9*b + 11. Let t(n) = 5*k(n) - y(n). Let x be t(2). Give m(x).
-1
Let l(h) = -h**2 - h - 1. Let g(t) = 8*t**2 + 9*t + 7. Let b(y) = 2*g(y) + 14*l(y). Let z = -2 - 1. What is b(z)?
6
Let v(d) = d**2 - 25*d + 120. Suppose -87*u = -106*u + 361. What is v(u)?
6
Let s = 14 - 21. Let d(q) = -3 - 82*q**2 + 152*q**2 - 71*q**2 - 7*q. Give d(s).
-3
Let s(q) = -q**3 + 4*q**2 - 4*q + 2. Suppose 4*j + 20 = 68. Let z be (j/(-42))/(1/(-7)). Calculate s(z).
2
Let l(z) = -2*z - 3. Let u be l(-4). Suppose -u*r + 8*r = 0. Let m(p) = 6*p - 5*p - 2 + 0 + r. Calculate m(-6).
-8
Let a(y) = y**3 + 5*y**2 + 3*y - 2. Let u be (52/10 - 2)/(12/90). Suppose -6 = 4*o + 2*d, 6*o = o + 3*d - u. Calculate a(o).
7
Let h = 139 - 136. Suppose -2*b + 5 = -9. Let v(j) = -5 + 4*j**2 - 2*j - 4*j - 2*j + b*j - j**h. Calculate v(4).
-9
Let j be 15/(-3) + -5 + 7. Let i(m) = m**2 + m - 1. Suppose 2*q - x = -2*q, 2*x = 8. Let g(b) = -3*b**2 - 2*b + 5. Let n(s) = q*g(s) + 2*i(s). Determine n(j).
-6
Let a(i) = -i**2 - 8*i - 9. Suppose -25*o - 14 = 2*l - 26*o, -4*o = 0. Calculate a(l).
-2
Let i be (48/36)/(4/(-18)). Let r(k) be the third derivative of -k**4/24 - k**3 + 2*k**2. Determine r(i).
0
Let i(d) = -4*d**3 + d**2 + d + 1. Let v be i(-1). Suppose -15 = 3*y, 7*s - v*s = 5*y + 33. Let t(a) = a**3 - 4*a**2 - 2. Give t(s).
-2
Let b(y) = -y**2 - 5*y - 3. Let x = -33 + 28. Let u be -2 - x - (-8 + 6). Suppose 15 = -u*r - 5. Calculate b(r).
1
Suppose 15 = 8*n - 3*n. Let j(o) = -5*o - 3*o**3 - 88 + 2*o**3 + 4*o**2 + 90. Calculate j(n).
-4
Let b be -3 + 6 + (1 - 2). Let t(o) = -3 + b + 0 + 5*o - o. Let s(f) = 7*f - 1. Let y(j) = 3*s(j) - 5*t(j). Calculate y(5).
7
Let u(q) = 1368*q + 17 - 688*q - 672*q - 6*q**2 - q**3. Calculate u(-7).
10
Let r(y) be the second derivative of 5*y**3/6 + y**2/2 + y. Suppose -4*m = s - 5, 3*m + 4*s + 14 = 4*m. Calculate r(m).
11
Let v(k) = 0 - 4 - 7178*k + 7179*k. Give v(6).
2
Let k = 97 + -102. Let a(d) = -d**3 - 6*d**2 - 6*d - 5. Give a(k).
0
Let a = 298 + -304. Let f(j) = j**2 + 6*j - 2. What is f(a)?
-2
Let b = 533 - 530. Let y(p) = p**3 - 2*p**2 - 2*p + 4. Give y(b).
7
Let f(d) = -5*d**3 + 3*d + 6. Let k(p) = -11*p**3 - p**2 + 6*p + 13. Let g(o) = -13*f(o) + 6*k(o). Let v be 1*-4*((-24)/16)/(-1). What is g(v)?
18
Suppose 11 + 10 = 3*q. Let i(m) = 4*m + 1. Let u(g) = 3*g + 1. Let k(h) = q*i(h) - 6*u(h). Let b be -2*((-10)/4 + 2). Give k(b).
11
Let r be ((-3)/6)/((-1)/4). Let z = 46 + -40. Let f(q) = -5*q - q**r + 9*q + 2 - z*q. Calculate f(-4).
-6
Let n(f) = -12*f - 95. Let d be n(-8). Let s(a) = -a + 2. Give s(d).
1
Let k = 239 + -245. Let h(n) = n**2 + 3*n + 1. Determine h(k).
19
Let d(h) = h + 2. Let k be 6/30 - 87/(-15). Let n(f) = -f - 3. Let s(m) = k*d(m) + 4*n(m). Determine s(-1).
-2
Let k(z) = z**2 - 8*z + 3. Let f be k(10). Let u(y) = -f*y - 27*y + 49*y - 14. Determine u(-11).
-3
Let k(x) = -x**3 + 14*x**2 - 14*x - 4. Suppose -t + 3*j + 4 = -0, -4*j + 51 = 3*t. Give k(t).
-17
Let h(i) = i + 17. Let v be h(-9). Let c(n) = 15*n - 4 - v*n - 8*n. Suppose 2*k = 7*k, -5*k = 3*b + 15. Give c(b).
1
Let c(x) = x**3 - x**2 - 1. Let r(z) be the second derivative of -9*z**5/20 - 5*z**4/12 + z**3/6 - 2*z**2 - 2*z. Let m(l) = -4*c(l) + r(l). Give m(1).
-13
Suppose -s + 1 = 3*b - 4, -2*b + 10 = 4*s. Let n(i) = -7*i + 4. Give n(s).
-10
Let o(u) = -9*u - 12. Let f(a) = -4*a + 63. Let t be f(16). Let v be o(t). Let c(l) = -l - 6. What is c(v)?
-3
Let r(w) = -2*w + 1. Let c be r(0). Suppose -l = 7*b - 3*b + 13, 2*l + 11 = -3*b. Let d = c + b. Let k(a) = -a**3 - 3*a**2 + a + 2. What is k(d)?
-4
Let b(j) = -2*j - 4. Let y be 3/9 + (-560)/(-84). Give b(y).
-18
Let h = 10 - 18. Let r be 43/5 - 12/20. Let p = h + r. Let c(w) = -w**3 - w - 3. Give c(p).
-3
Let w(g) = -88 + 45 + 32 + 2*g + 29. Calculate w(-6).
6
Let y(q) = -9*q - 4. Let m(k) = -31*k - 14. Let h(a) = -2*m(a) + 7*y(a). Give h(8).
-8
Let p = -931 + 933. Let x(m) = m**3 + m**2 - 4*m + 3. What is x(p)?
7
Suppose 5*g = 6*b - 3*b - 68, -3*g = -b + 20. Let i = 20 - b. Let d(f) = -f**3 - 5*f**2 + 5*f - 8. Calculate d(i).
-2
Let u(p) be the first derivative of -12*p**3 + p**2/2 - p + 71. Determine u(1).
-36
Suppose -5*h + 13 = 3. Let m(o) = 8*o**2 - 5 - 1 - h*o - o**3 - 5*o. Let w(y) = -131*y + 924. Let g be w(7). Determine m(g).
-6
Let b(z) = -13*z**2 + 2*z - 1. Let o be 2/(-3)*15/(-5). Suppose 2 = o*p - 0*p. What is b(p)?
-12
Let w(n) = n**2 - 2*n - 4. Suppose -29*l + 19*l + 50 = 0. Determine w(l).
11
Let p = 2172 - 2179. Let z(k) = k**3 + 7*k**2 - k + 1. What is z(p)?
8
Let z be (9 + -13)/(2/3). Let a(w) = w**2 + 5*w + 1 + 1 - w. What is a(z)?
14
Suppose -2*d - d = -6. Let b(o) be the first derivative of o - o**2 + 1/3*o**3 - 2. Calculate b(d).
1
Let a(g) = g + 3. Suppose 160*p - 149*p - 121 = 0. Calculate a(p).
14
Let a be 0/(5 - (10 - 4)). Let k be 8 - 9 - (a - (2 - 0)). Let n(j) = -j**2 + 1. What is n(k)?
0
Let k(r) = -r**3 + 3*r**2 - r + 2. Let z = 7 + -13. Let j be 4/z - 77/(-21). Give k(j).
-1
Let g(s) be the second derivative of s**5/40 - s**4/12 + s**3/3 - s. Let y(m) be the second derivative of g(m). Calculate y(-2).
-8
Let n(b) be the first derivative of -15 + 2*b**3 + 2*b**2 + 1/4*b**4 - 4*b. What is n(-5)?
1
Let h(d) = -6*d**3 + d**2 - d - 1. Suppose -4*z + 5*l = 4, -1 = -3*z + 4*z - 2*l. What is h(z)?
7
Let b(k) = -12*k - 46. Let m be b(-4). Suppose -5*h = -m*h + h. Let w(p) be the third derivative of p**4/24 - 7*p**3/6 - p**2. What is w(h)?
-7
Let v(u) be the second derivative of u - 13/2*u**2 - 11/6*u**3 + 0 - 1/12*u**4. Suppose -7*x + 32 = 95. Give v(x).
5
Let f = -10 + 6. Let c(x) = 5*x**2 + 5*x - 5. Let q(p) = -7 + 8*p - 4*p